{"id":18,"date":"2024-08-13T19:04:07","date_gmt":"2024-08-13T19:04:07","guid":{"rendered":"https:\/\/redecos.cdmx.gob.mx\/web\/?page_id=18"},"modified":"2024-09-04T19:00:47","modified_gmt":"2024-09-04T19:00:47","slug":"red-ecos","status":"publish","type":"page","link":"https:\/\/redecos.cdmx.gob.mx\/web\/red-ecos\/","title":{"rendered":"RED ECOS"},"content":{"rendered":"\n<div class=\"wp-block-uagb-container uagb-block-2fe57855 alignfull uagb-is-root-container\"><div class=\"uagb-container-inner-blocks-wrap\">\n<div class=\"wp-block-uagb-container uagb-block-c0c3d6ab\">\n<div class=\"wp-block-uagb-advanced-heading uagb-block-8433c876\"><h2 class=\"uagb-heading-text\">QUI\u00c9NES SOMOS<\/h2><\/div>\n\n\n\n<p>Somos un grupo interinstitucional, multisectorial y transdisciplinar que incluye a instituciones de educaci\u00f3n superior p\u00fablicas y privadas, a centros p\u00fablicos de investigaci\u00f3n, a dependencias gubernamentales locales, a institutos nacionales y a otros organismos con sede en la Ciudad de M\u00e9xico que suscriben un convenio marco para integrar y participar en los trabajos y programas de la RED ECOS.<\/p>\n<\/div>\n\n\n\n<div class=\"wp-block-uagb-container uagb-block-7325b0ba\">\n<div class=\"wp-block-uagb-container uagb-block-48b0f333\">\n<div class=\"ast-oembed-container \" style=\"height: 100%;\"><iframe loading=\"lazy\" title=\"Red ECOS\" width=\"500\" height=\"281\" src=\"https:\/\/www.youtube.com\/embed\/PfPx8kEeQjE?feature=oembed\" frameborder=\"0\" allow=\"accelerometer; autoplay; clipboard-write; encrypted-media; gyroscope; picture-in-picture; web-share\" referrerpolicy=\"strict-origin-when-cross-origin\" allowfullscreen><\/iframe><\/div>\n<\/div>\n<\/div>\n<\/div><\/div>\n\n\n\n<div class=\"wp-block-uagb-container uagb-block-ea20519e alignfull uagb-is-root-container\"><div class=\"uagb-container-inner-blocks-wrap\">\n<div class=\"wp-block-uagb-container uagb-block-8895f111\">\n<div class=\"wp-block-uagb-advanced-heading uagb-block-a9262e7a\"><h2 class=\"uagb-heading-text\">ANTECEDENTES<\/h2><\/div>\n<\/div>\n\n\n\n<p>La RED ECOS naci\u00f3 de una iniciativa de la Secretar\u00eda de Educaci\u00f3n, Ciencia, Tecnolog\u00eda e Innovaci\u00f3n (SECTEI) para generar un espacio de colaboraci\u00f3n interinstitucional, multidisciplinario y multisectorial del que surjan propuestas, soluciones y estrategias para algunos de los retos que enfrenta la Ciudad de M\u00e9xico.<\/p>\n\n\n\n<p>Para ello, la Secretar\u00eda convoc\u00f3 a instituciones de educaci\u00f3n superior p\u00fablicas y particulares, entidades gubernamentales, centros p\u00fablicos de investigaci\u00f3n, a la sociedad civil y distintos actores del sector productivo, con el fin de sumar experiencias y capacidades que incidan en beneficio de la poblaci\u00f3n capitalina.<\/p>\n\n\n\n<p>El 11 de marzo de 2019, en el Antiguo Palacio del Ayuntamiento, se firm\u00f3 el convenio marco que dio origen formal a la Red. El evento cont\u00f3 con la presencia de la Jefa de Gobierno de la Ciudad de M\u00e9xico, la doctora Claudia Sheinbaum Pardo, y de un amplio grupo de rectores, rectoras y autoridades universitarias, de academias y asociaciones que suscribieron e integraron a la RED ECOS.<\/p>\n\n\n\n<div class=\"wp-block-uagb-container uagb-block-2bf18ed6\">\n<div class=\"wp-block-uagb-container uagb-block-59567e0d\">\n<\/div>\n<\/div>\n<\/div><\/div>\n\n\n\n<div class=\"wp-block-uagb-container uagb-block-5e83640f alignfull uagb-is-root-container\"><div class=\"uagb-container-inner-blocks-wrap\">\n<div class=\"wp-block-uagb-container uagb-block-5d6b97de\">\n<div class=\"wp-block-uagb-advanced-heading uagb-block-f9b8b4d3\"><h2 class=\"uagb-heading-text\">MISI\u00d3N<\/h2><\/div>\n\n\n\n<p>Sustentada en el trabajo colaborativo, en la aplicaci\u00f3n de conocimientos y en la toma de decisiones basadas en evidencia cient\u00edfica, la Red busca generar proyectos y grupos de trabajo enfocados al desarrollo e impulso de las \u00e1reas donde se identifican problemas que aquejan a la capital. A partir del an\u00e1lisis, la asesor\u00eda y el conocimiento cient\u00edfico se plantean posibles soluciones a diversas problem\u00e1ticas en apoyo al Gobierno y para beneficio de la colectividad.<\/p>\n\n\n\n<div class=\"wp-block-uagb-advanced-heading uagb-block-6311dccd\"><h2 class=\"uagb-heading-text\">VISI\u00d3N<\/h2><\/div>\n<\/div>\n\n\n\n<p>Convertirse en un referente de consulta experta, confiable y \u00e9tica para atender retos de la Ciudad de M\u00e9xico. Generar una nueva cultura de la colaboraci\u00f3n interinstitucional y multisectorial basada en proyectos conjuntos, con un enfoque interdisciplinar y transdisciplinar, e intereses comunes para el bienestar de la ciudadan\u00eda.<\/p>\n<\/div><\/div>\n","protected":false},"excerpt":{"rendered":"<p>QUI\u00c9NES SOMOS Somos un grupo interinstitucional, multisectorial y transdisciplinar que incluye a instituciones de educaci\u00f3n superior p\u00fablicas y privadas, a [&hellip;]<\/p>\n","protected":false},"author":2,"featured_media":0,"parent":0,"menu_order":0,"comment_status":"closed","ping_status":"closed","template":"","meta":{"_uag_custom_page_level_css":"","site-sidebar-layout":"default","site-content-layout":"","ast-site-content-layout":"","site-content-style":"default","site-sidebar-style":"default","ast-global-header-display":"","ast-banner-title-visibility":"","ast-main-header-display":"","ast-hfb-above-header-display":"","ast-hfb-below-header-display":"","ast-hfb-mobile-header-display":"","site-post-title":"disabled","ast-breadcrumbs-content":"","ast-featured-img":"","footer-sml-layout":"","theme-transparent-header-meta":"","adv-header-id-meta":"","stick-header-meta":"","header-above-stick-meta":"","header-main-stick-meta":"","header-below-stick-meta":"","astra-migrate-meta-layouts":"default","ast-page-background-enabled":"default","ast-page-background-meta":{"desktop":{"background-color":"var(--ast-global-color-4)","background-image":"","background-repeat":"repeat","background-position":"center center","background-size":"auto","background-attachment":"scroll","background-type":"","background-media":"","overlay-type":"","overlay-color":"","overlay-opacity":"","overlay-gradient":""},"tablet":{"background-color":"","background-image":"","background-repeat":"repeat","background-position":"center center","background-size":"auto","background-attachment":"scroll","background-type":"","background-media":"","overlay-type":"","overlay-color":"","overlay-opacity":"","overlay-gradient":""},"mobile":{"background-color":"","background-image":"","background-repeat":"repeat","background-position":"center center","background-size":"auto","background-attachment":"scroll","background-type":"","background-media":"","overlay-type":"","overlay-color":"","overlay-opacity":"","overlay-gradient":""}},"ast-content-background-meta":{"desktop":{"background-color":"var(--ast-global-color-5)","background-image":"","background-repeat":"repeat","background-position":"center center","background-size":"auto","background-attachment":"scroll","background-type":"","background-media":"","overlay-type":"","overlay-color":"","overlay-opacity":"","overlay-gradient":""},"tablet":{"background-color":"var(--ast-global-color-5)","background-image":"","background-repeat":"repeat","background-position":"center center","background-size":"auto","background-attachment":"scroll","background-type":"","background-media":"","overlay-type":"","overlay-color":"","overlay-opacity":"","overlay-gradient":""},"mobile":{"background-color":"var(--ast-global-color-5)","background-image":"","background-repeat":"repeat","background-position":"center center","background-size":"auto","background-attachment":"scroll","background-type":"","background-media":"","overlay-type":"","overlay-color":"","overlay-opacity":"","overlay-gradient":""}},"footnotes":""},"class_list":["post-18","page","type-page","status-publish","hentry"],"uagb_featured_image_src":{"full":false,"thumbnail":false,"medium":false,"medium_large":false,"large":false,"1536x1536":false,"2048x2048":false},"uagb_author_info":{"display_name":"admin","author_link":"https:\/\/redecos.cdmx.gob.mx\/web\/author\/admin\/"},"uagb_comment_info":0,"uagb_excerpt":"QUI\u00c9NES SOMOS Somos un grupo interinstitucional, multisectorial y transdisciplinar que incluye a instituciones de educaci\u00f3n superior p\u00fablicas y privadas, a [&hellip;]","_links":{"self":[{"href":"https:\/\/redecos.cdmx.gob.mx\/web\/wp-json\/wp\/v2\/pages\/18","targetHints":{"allow":["GET"]}}],"collection":[{"href":"https:\/\/redecos.cdmx.gob.mx\/web\/wp-json\/wp\/v2\/pages"}],"about":[{"href":"https:\/\/redecos.cdmx.gob.mx\/web\/wp-json\/wp\/v2\/types\/page"}],"author":[{"embeddable":true,"href":"https:\/\/redecos.cdmx.gob.mx\/web\/wp-json\/wp\/v2\/users\/2"}],"replies":[{"embeddable":true,"href":"https:\/\/redecos.cdmx.gob.mx\/web\/wp-json\/wp\/v2\/comments?post=18"}],"version-history":[{"count":40,"href":"https:\/\/redecos.cdmx.gob.mx\/web\/wp-json\/wp\/v2\/pages\/18\/revisions"}],"predecessor-version":[{"id":3750,"href":"https:\/\/redecos.cdmx.gob.mx\/web\/wp-json\/wp\/v2\/pages\/18\/revisions\/3750"}],"wp:attachment":[{"href":"https:\/\/redecos.cdmx.gob.mx\/web\/wp-json\/wp\/v2\/media?parent=18"}],"curies":[{"name":"wp","href":"https:\/\/api.w.org\/{rel}","templated":true}]}}

<div class="wp-block-uagb-container uagb-block-2fe57855 alignfull uagb-is-root-container"><div class="uagb-container-inner-blocks-wrap">
<div class="wp-block-uagb-container uagb-block-c0c3d6ab">
<div class="wp-block-uagb-advanced-heading uagb-block-8433c876"><h2 class="uagb-heading-text">QUIÉNES SOMOS</h2></div>



<p>Somos un grupo interinstitucional, multisectorial y transdisciplinar que incluye a instituciones de educación superior públicas y privadas, a centros públicos de investigación, a dependencias gubernamentales locales, a institutos nacionales y a otros organismos con sede en la Ciudad de México que suscriben un convenio marco para integrar y participar en los trabajos y programas de la RED ECOS.</p>
</div>



<div class="wp-block-uagb-container uagb-block-7325b0ba">
<div class="wp-block-uagb-container uagb-block-48b0f333">
<div class="ast-oembed-container " style="height: 100%;"><iframe loading="lazy" title="Red ECOS" width="500" height="281" src="https://www.youtube.com/embed/PfPx8kEeQjE?feature=oembed" frameborder="0" allow="accelerometer; autoplay; clipboard-write; encrypted-media; gyroscope; picture-in-picture; web-share" referrerpolicy="strict-origin-when-cross-origin" allowfullscreen></iframe></div>
</div>
</div>
</div></div>



<div class="wp-block-uagb-container uagb-block-ea20519e alignfull uagb-is-root-container"><div class="uagb-container-inner-blocks-wrap">
<div class="wp-block-uagb-container uagb-block-8895f111">
<div class="wp-block-uagb-advanced-heading uagb-block-a9262e7a"><h2 class="uagb-heading-text">ANTECEDENTES</h2></div>
</div>



<p>La RED ECOS nació de una iniciativa de la Secretaría de Educación, Ciencia, Tecnología e Innovación (SECTEI) para generar un espacio de colaboración interinstitucional, multidisciplinario y multisectorial del que surjan propuestas, soluciones y estrategias para algunos de los retos que enfrenta la Ciudad de México.</p>



<p>Para ello, la Secretaría convocó a instituciones de educación superior públicas y particulares, entidades gubernamentales, centros públicos de investigación, a la sociedad civil y distintos actores del sector productivo, con el fin de sumar experiencias y capacidades que incidan en beneficio de la población capitalina.</p>



<p>El 11 de marzo de 2019, en el Antiguo Palacio del Ayuntamiento, se firmó el convenio marco que dio origen formal a la Red. El evento contó con la presencia de la Jefa de Gobierno de la Ciudad de México, la doctora Claudia Sheinbaum Pardo, y de un amplio grupo de rectores, rectoras y autoridades universitarias, de academias y asociaciones que suscribieron e integraron a la RED ECOS.</p>



<div class="wp-block-uagb-container uagb-block-2bf18ed6">
<div class="wp-block-uagb-container uagb-block-59567e0d">
</div>
</div>
</div></div>



<div class="wp-block-uagb-container uagb-block-5e83640f alignfull uagb-is-root-container"><div class="uagb-container-inner-blocks-wrap">
<div class="wp-block-uagb-container uagb-block-5d6b97de">
<div class="wp-block-uagb-advanced-heading uagb-block-f9b8b4d3"><h2 class="uagb-heading-text">MISIÓN</h2></div>



<p>Sustentada en el trabajo colaborativo, en la aplicación de conocimientos y en la toma de decisiones basadas en evidencia científica, la Red busca generar proyectos y grupos de trabajo enfocados al desarrollo e impulso de las áreas donde se identifican problemas que aquejan a la capital. A partir del análisis, la asesoría y el conocimiento científico se plantean posibles soluciones a diversas problemáticas en apoyo al Gobierno y para beneficio de la colectividad.</p>



<div class="wp-block-uagb-advanced-heading uagb-block-6311dccd"><h2 class="uagb-heading-text">VISIÓN</h2></div>
</div>



<p>Convertirse en un referente de consulta experta, confiable y ética para atender retos de la Ciudad de México. Generar una nueva cultura de la colaboración interinstitucional y multisectorial basada en proyectos conjuntos, con un enfoque interdisciplinar y transdisciplinar, e intereses comunes para el bienestar de la ciudadanía.</p>
</div></div>

<p>QUIÉNES SOMOS Somos un grupo interinstitucional, multisectorial y transdisciplinar que incluye a instituciones de educación superior públicas y privadas, a [&hellip;]</p>

QUIÉNES SOMOS Somos un grupo interinstitucional, multisectorial y transdisciplinar que incluye a instituciones de educación superior públicas y privadas, a [&hellip;]
